= -6*w + 4*w. Calculate the remainder when w is divided by 19.
18
Let c be -3 + 21 + 0 + -3. Suppose -2*p - 5 = -c. Calculate the remainder when 13 is divided by p.
3
Let x(b) = -b**3 + 3*b**2 - 5*b + 4. Let m be x(3). Let f = -9 - m. Calculate the remainder when 2 is divided by f.
0
Let a be 1/4 - 4/16. Suppose -172 = -4*v + 6*l - 2*l, -3*v + l + 123 = a. Calculate the remainder when v is divided by 21.
19
Let i be (-6)/4*512/(-6). Suppose -2*z + i = 2*z. Calculate the remainder when z is divided by 17.
15
Let j = 43 - 20. Suppose -j = g - 65. Calculate the remainder when g is divided by 11.
9
Let p = -14 - -24. Let c be (2/(-4) - -1)*2. Calculate the remainder when c/3 + (-344)/(-12) is divided by p.
9
Let m(w) = w**3 - 7*w**2 + 8*w - 7. Let p be m(6). Let d = 12 + p. Calculate the remainder when d is divided by 9.
8
Let n(v) = -v**2 + 7*v - 6. What is the remainder when 3 + (-39)/(-6) + (-5)/(-10) is divided by n(5)?
2
Let i = -48 + 72. Suppose -2 = -t + i. Calculate the remainder when t is divided by 7.
5
Suppose -5*a + 9 - 4 = 0. Calculate the remainder when 17 is divided by a - -8 - (3 - 3).
8
Let x = 185 - 102. Calculate the remainder when x is divided by 43.
40
Let z(g) be the first derivative of g**3/3 + 7*g**2/2 + 7*g - 2. Let q(k) = -k + 4. What is the remainder when q(2) is divided by z(-6)?
0
Suppose 3*r = 2*p + 65, 0 - 6 = -2*r. What is the remainder when 35 is divided by ((-63)/p)/((-3)/(-16))?
11
Let k(d) = d**2 + 4. Calculate the remainder when 37 is divided by k(-3).
11
Let z = -4 + 31. Calculate the remainder when 105 is divided by z.
24
Suppose -3*j + i + 94 = 0, 2*i = -5*j + 84 + 80. Suppose a + 2 + 1 = 0. Calculate the remainder when j is divided by (-50)/a + 5/15.
15
Let k be 3 + (1 - -3) + -4. Suppose k*q = -4*o + 2, -4*o - q = -o - 4. What is the remainder when 2 is divided by o?
0
Suppose 9 = -3*k, 8*h - 4*h - k - 471 = 0. Let n = -52 + h. Calculate the remainder when n is divided by 17.
14
What is the remainder when (-7)/(15/(-7) + 2) is divided by 13?
10
Let y be 3/(3 + -1 + -1). Suppose -y*b - b = -800. Suppose b = 5*o - 60. What is the remainder when o is divided by 18?
16
Let b = -129 - -139. Calculate the remainder when b is divided by 9.
1
Let n = 297 - 166. Calculate the remainder when n is divided by 33.
32
Let r = -9 + 3. Let a = r + 4. Let b = 0 - a. Calculate the remainder when b is divided by 1.
0
Suppose -o - k = -5, -4 - 21 = 4*o - 5*k. Suppose -5*r - 69 = -2*w, o = -w + 6*w - 2*r - 141. Calculate the remainder when w is divided by 7.
6
Suppose -3*q + 89 = -q + 5*j, -2*q - 3*j = -83. Calculate the remainder when q is divided by 10.
7
Let t(h) = 2*h**3 + 11*h - 3*h**3 + 2 + 4 - 10*h**2. Suppose -5*c + 5*q + 20 = 0, -4*c - 55 = -9*c - 2*q. Calculate the remainder when c is divided by t(-11).
3
Suppose 2*l = -2*l + 72. Suppose 4*t = -4*c + 32, -3*c + 5 = 2. Calculate the remainder when l is divided by t.
4
Let r(z) = -z**3 - 4*z**2 + 2*z + 2. Let f be r(-2). Suppose -a + 3 + 4 = 0. Calculate the remainder when f*(3/1 - 5) is divided by a.
6
Let l(j) = -j**3 - 3*j**2 - 2*j + 3. Let n be (2 + 5 + -4)*-1. Let t = -16 + 33. Calculate the remainder when t is divided by l(n).
8
Suppose 2*u - 3*z = 15, -4*z = 2*u - 3*z - 3. Suppose 2*m = 5*q + 76, -q - u = -4*m + 113. Calculate the remainder when m is divided by 8.
4
Suppose -4*k + 114 = -162. Calculate the remainder when ((-2)/2)/((-3)/k) is divided by 6.
5
Suppose 0 = 3*p + 2*p - 10. Suppose -1 - 37 = -p*n. What is the remainder when n is divided by 10?
9
Suppose -4*y + 9*y + 17 = -4*l, l = -3*y - 13. Suppose r + l*o - 8 = 12, -5*o = 4*r - 80. Calculate the remainder when r is divided by 7.
6
Let z = 58 + -5. Suppose 152 = o + z. Let n = o + -29. What is the remainder when n is divided by 24?
22
Let a = -2 - -2. Suppose a = 7*y - 2*y - 105. What is the remainder when y is divided by 11?
10
What is the remainder when 7 is divided by (-4)/6 - 56/(-21)?
1
Suppose -4*v + 109 = -19. Calculate the remainder when v is divided by 12.
8
Suppose -5*w - 2*l = -0*l - 45, 2*l = 10. Suppose -14 = -i + w. Calculate the remainder when (-3)/(-2)*248/6 is divided by i.
20
Let t be (3 + 3)/(6/(-4)). Let u(o) = -2*o. Suppose 2*v - 56 = -2*v. Calculate the remainder when v is divided by u(t).
6
Suppose 0 = -t + 2*g + 46, -3*t - t + 2*g + 184 = 0. Calculate the remainder when t is divided by 24.
22
Suppose -5 = 3*l + 4. Let n = 50 - l. Calculate the remainder when n is divided by 18.
17
Let b(h) = -h**3 + 10*h**2 + h - 14. Let r be b(10). What is the remainder when 55 is divided by (-68)/(-5) - r/10?
13
Let c be (4 - (-2 + 4))*1. Suppose n - d - 18 = 0, -c*n - 4*d = -2*d - 56. What is the remainder when n is divided by 6?
5
Let n(s) = 5*s**3 - 2*s + 1. Let o be n(1). Suppose -185 = -t - o*t. Suppose 0 = -18*b + 13*b + 65. Calculate the remainder when t is divided by b.
11
Let v = -19 + 23. Suppose v*g + 70 = 11*g. What is the remainder when 37 is divided by g?
7
Suppose 2*a = 5*a - 18. Let p(l) = 10*l - 2. What is the remainder when p(2) is divided by 9/(-6)*(-40)/a?
8
Let s(g) = 3*g. Calculate the remainder when s(4) is divided by 7.
5
Suppose -2*a - 5*k = -108 - 456, -268 = -a + k. Suppose -2*c + a = 3*c + i, -168 = -3*c + i. Calculate the remainder when c is divided by 19.
17
Let q(l) = l**2 - l - 2. Let w be q(0). What is the remainder when w/((-21)/19 - -1) is divided by 10?
9
Let u be 2/((1 - 1) + 2). Calculate the remainder when u - (-2 + 3)*-26 is divided by 10.
7
Suppose 2*q = 3*r + 2, 0*r - 3*r - 4*q = -22. What is the remainder when (3 - (0 - r))*2 is divided by 6?
4
Suppose -5*p + 10*p - 40 = 0. Calculate the remainder when p is divided by 2.
0
Let q = -84 + 134. Calculate the remainder when q is divided by (13/(-4))/(2/(-8)).
11
Suppose 10 + 14 = 3*x. What is the remainder when (-1000)/(-45) - 2/9 is divided by x?
6
Suppose -h - 4*y = -4, h + 3*y = 4*y - 1. Suppose -2*i + h = -30. Calculate the remainder when (-2 - -45)*1*1 is divided by i.
13
Suppose 0 = -3*o - o - 3*c + 99, -3*c + 78 = 3*o. Let v be ((-3)/(-4))/(3/(-36)). Calculate the remainder when 153/4 + v/(-12) is divided by o.
18
What is the remainder when 97 is divided by 5*(3 - (0 + -2))?
22
Let x be (2/3)/((-1)/(-6)). Suppose -x*k + 4*r + 24 = -2*k, -4*k - 5*r + 9 = 0. Calculate the remainder when k is divided by 3 - 0 - 1/(-1).
2
Let g = -1 + 21. Calculate the remainder when 59 is divided by g.
19
Let q = -7 - -11. Let u(h) = h**3 + 4*h**2 + h - 2. Let s be u(-3). Suppose -s*d + 27 + 17 = 0. Calculate the remainder when d is divided by q.
3
Let l(j) = j**3 + 6*j**2 + 1. Let h(v) = -v - 9. What is the remainder when l(-6) is divided by h(-10)?
0
Let y = 40 + -31. What is the remainder when y is divided by 3?
0
Suppose 8*i = 4*i + 72. Calculate the remainder when 51 is divided by i.
15
Let l = 25 + -16. What is the remainder when 52 is divided by l?
7
Suppose 2*v = -2*z - 4, v = -5*z - 0*v - 30. Let s = 19 + z. What is the remainder when s is divided by 7?
5
Suppose -12 - 38 = 5*l. Let f be (-52)/20 - (-4)/l. Let p(h) = -2*h + 2. What is the remainder when 22 is divided by p(f)?
6
Let f(u) = -u**3 - 5*u**2 + 7*u + 4. What is the remainder when f(-7) is divided by 18?
17
Let c = 80 + -19. Calculate the remainder when c is divided by 16.
13
Suppose 80 + 16 = 6*q. What is the remainder when 78 is divided by q?
14
Suppose 4*b = 4*v - 56, 39 = 2*v - 5*b - 4. What is the remainder when v is divided by 4?
1
Suppose 3*l - 54 = -2*v - 0*v, 1 = l - 5*v. Calculate the remainder when l is divided by 5.
1
Let k be (21/(-14))/(2/(-12)). Let t = 12 - k. What is the remainder when 7 is divided by t?
1
Let c = -36 - -78. What is the remainder when c is divided by 22?
20
Calculate the remainder when -73*-2*1/2 is divided by 15.
13
Suppose 1 = j - a, -4*j + 34 = -0*j + 2*a. Let r be -4*-2*3/j. Suppose 0 = -0*o - 4*o + 12, -3*i + 48 = -r*o. Calculate the remainder when i is divided by 11.
9
Let r = 2 - -1. Suppose 5*x + 4*a - 5 = 32, 34 = 5*x + r*a. Suppose 0 = 5*s - 30 + x. What is the remainder when 8 is divided by s?
3
Suppose r + 3 = 2*r. Let u be r/(-12) - (-5)/4. Let a = 12 + u. Calculate the remainder when a is divided by 5.
3
Let o = 62 + -14. What is the remainder when o is divided by 10?
8
Let y(s) = -s**2 - s + 2.